te the highest common factor of 704821 and 26.
13
Calculate the highest common factor of 711204 and 2496.
156
Calculate the greatest common divisor of 158099 and 628.
157
Calculate the highest common factor of 785340 and 450.
90
What is the highest common divisor of 772879 and 919?
919
Calculate the highest common divisor of 238049 and 434.
217
Calculate the highest common factor of 138 and 455837.
23
What is the greatest common divisor of 174575 and 225?
25
What is the greatest common factor of 104320 and 640?
640
Calculate the greatest common divisor of 5748 and 64236.
12
Calculate the greatest common factor of 5322 and 21.
3
Calculate the highest common divisor of 73255 and 138.
23
What is the greatest common factor of 1312 and 3872?
32
Calculate the greatest common divisor of 370 and 101195.
185
Calculate the greatest common factor of 126 and 41482.
14
Calculate the highest common divisor of 15 and 3909.
3
Calculate the greatest common divisor of 71783 and 46.
23
Calculate the greatest common factor of 10812 and 150732.
636
Calculate the highest common factor of 3435 and 30.
15
What is the greatest common factor of 480112 and 8?
8
Calculate the highest common divisor of 552 and 39432.
24
Calculate the highest common divisor of 77604 and 348.
348
Calculate the highest common factor of 7824 and 72.
24
Calculate the greatest common factor of 329312 and 123.
41
What is the greatest common divisor of 14982 and 165?
33
Calculate the highest common divisor of 103264 and 416.
32
What is the highest common divisor of 3924 and 306?
18
Calculate the highest common factor of 1764 and 322371.
441
Calculate the greatest common divisor of 1408 and 21032.
88
What is the greatest common divisor of 273 and 4407?
39
Calculate the greatest common divisor of 246 and 207706.
82
Calculate the highest common divisor of 1555 and 40.
5
What is the highest common divisor of 126807 and 129?
129
What is the highest common divisor of 63975 and 375?
75
What is the greatest common divisor of 10363 and 22413?
241
Calculate the greatest common factor of 4161 and 46647.
219
Calculate the greatest common factor of 108 and 331938.
54
Calculate the highest common factor of 256950 and 450.
450
Calculate the highest common divisor of 136 and 77248.
136
What is the highest common divisor of 1544089 and 118?
59
What is the highest common factor of 1128 and 982864?
376
What is the greatest common divisor of 858 and 2403258?
858
Calculate the greatest common factor of 321211 and 11.
11
Calculate the highest common factor of 675 and 17175.
75
Calculate the greatest common factor of 339700 and 140.
20
Calculate the greatest common divisor of 25 and 21475.
25
Calculate the greatest common divisor of 1695 and 11300.
565
Calculate the highest common divisor of 51943 and 2045.
409
Calculate the greatest common factor of 4545178 and 902.
902
What is the highest common divisor of 27136 and 689?
53
Calculate the highest common divisor of 978 and 2328618.
978
Calculate the greatest common factor of 13805 and 21335.
1255
What is the greatest common divisor of 12520 and 7320?
40
What is the highest common factor of 27272 and 112?
56
Calculate the highest common factor of 35389 and 387.
43
What is the highest common divisor of 330676 and 76?
76
What is the highest common factor of 4212 and 67500?
108
Calculate the greatest common divisor of 217 and 371.
7
What is the greatest common factor of 24118 and 62?
62
What is the highest common divisor of 431547 and 134?
67
Calculate the greatest common factor of 12320 and 480.
160
Calculate the highest common factor of 35155 and 5340.
445
What is the highest common factor of 1840 and 3560?
40
Calculate the greatest common divisor of 2535434 and 242.
242
Calculate the greatest common factor of 10949148 and 63.
63
Calculate the highest common factor of 2128 and 443536.
304
Calculate the greatest common divisor of 20 and 24230.
10
What is the highest common divisor of 178173 and 6?
3
What is the highest common divisor of 528 and 36102?
66
What is the greatest common divisor of 5590206 and 18?
18
Calculate the highest common factor of 11061 and 470707.
1229
Calculate the greatest common divisor of 163332 and 36.
36
What is the highest common divisor of 378 and 67554?
54
What is the greatest common divisor of 70347 and 3144?
393
Calculate the highest common divisor of 22 and 1165637.
11
What is the highest common factor of 135133 and 697?
17
What is the highest common factor of 16 and 7793488?
16
What is the greatest common factor of 750 and 4875?
375
What is the highest common divisor of 1078 and 1508661?
539
Calculate the greatest common factor of 146 and 320762.
146
What is the greatest common divisor of 99 and 452349?
9
What is the greatest common divisor of 615212 and 39?
13
Calculate the greatest common divisor of 21344 and 3161.
29
Calculate the greatest common factor of 333 and 70337.
37
What is the highest common divisor of 72 and 10456?
8
What is the greatest common factor of 212 and 2252?
4
What is the highest common factor of 244208 and 48?
16
Calculate the highest common divisor of 45 and 42195.
15
Calculate the greatest common divisor of 66172 and 40612.
284
What is the greatest common divisor of 13 and 648791?
13
What is the greatest common factor of 30976 and 242?
242
Calculate the highest common factor of 156 and 1053.
39
Calculate the greatest common divisor of 135 and 91185.
15
Calculate the highest common divisor of 2279 and 140137.
43
Calculate the highest common divisor of 7371 and 891.
81
What is the greatest common factor of 2373 and 348153?
339
What is the greatest common factor of 7582 and 7136?
446
Calculate the greatest common factor of 4370 and 9728.
38
Calculate the greatest common divisor of 284 and 124.
4
What is the highest common divisor of 265 and 14045?
265
What is the highest common divisor of 31250 and 1460?
10
What is the highest common divisor of 910081 and 57?
19
Calculate the greatest common factor of 429 and 172029.
429
What is the greatest common divisor of 86805 and 825?
15
What is the greatest common divisor of 81 and 20421?
9
What is the highest common factor of 35193 and 6?
3
Calculate the highest common divisor of 72 and 38384.
8
What is the highest common divisor of 59306 and 91?
13
What is the greatest common factor of 2059778 and 14?
14
Calculate the greatest common divisor of 1352970 and 60.
30
What is the greatest common divisor of 197 and 1812794?
197
What is the highest common factor of 189208 and 201?
67
What is the highest common divisor of 294294 and 910?
182
Calculate the greatest common divisor of 254882 and 310.
62
What is the greatest common factor of 928023 and 83?
83
Calculate the highest common factor of 244528 and 816.
272
Calculate the highest common factor of 83062 and 238.
238
What is the greatest common factor of 528 and 8800?
176
Calculate the greatest common divisor of 40103 and 357.
119
Calculate the highest common factor of 130 and 341180.
10
What is the highest common divisor of 11079 and 288?
9
Calculate the greatest common divisor of 6945 and 606.
3
Calculate the greatest common factor of 782 and 235773.
391
Calculate the highest common divisor of 41 and 1857669.
41
What is the highest common factor of 13 and 409?
1
Calculate the greatest common divisor of 3803575 and 3017.
431
Calculate the highest common divisor of 1240640 and 320.
320
Calculate the greatest common divisor of 2552930 and 590.
590
Calculate the highest common divisor of 3808 and 80416.
224
Calculate the highest common divisor of 22 and 470613.
11
Calculate the highest common divisor of 5160 and 996.
12
What is the greatest common factor of 341926 and 26?
26
Calculate the highest common divisor of 13 and 2113215.
13
What is the highest common factor of 618 and 12566?
206
What is the greatest common divisor of 2343 and 323070?
33
Calculate the greatest common divisor of 230350 and 25.
25
What is the highest common factor of 3 and 861171?
3
What is the highest common divisor of 724120 and 4730?
430
What is the greatest common divisor of 272503 and 539?
77
Calculate the greatest common factor of 589078 and 490.
98
What is the highest common factor of 54391 and 6540?
109
Calculate the highest common divisor of 632